{"id":21,"date":"2014-10-31T19:54:32","date_gmt":"2014-10-31T18:54:32","guid":{"rendered":"http:\/\/fwv-kulmbach.de\/?page_id=21"},"modified":"2025-12-22T20:54:09","modified_gmt":"2025-12-22T19:54:09","slug":"verein-2","status":"publish","type":"page","link":"https:\/\/www.fwv-kulmbach.de\/?page_id=21","title":{"rendered":"Der Verein"},"content":{"rendered":"<h1>Die Ortsgruppe Kulmbach des Frankenwaldvereins e.V.<\/h1>\n<p>ist ein Heimat- und Wanderverein, gegr\u00fcndet 1925, eingebunden \u00fcber den Frankenwaldverein mit Sitz in Naila in den Deutschen und Europ\u00e4ischen Wanderverband. Auf \u00f6rtlicher Ebene sind wir t\u00e4tig in der Arbeitsgemeinschaft Kulmbacher Heimatvereine.<br \/>\nSelbstverst\u00e4ndlich sind f\u00fcr uns Naturschutz und Kulturarbeit in ihrer ganzen Vielf\u00e4ltigkeit. Dazu dienen unsere Halbtages- und Tageswanderungen die in landschaftlich reizvolle Gegenden f\u00fchren. Der Besuch des Deutschen Wandertages und internationaler Wandertreffen geh\u00f6ren dazu.<br \/>\nF\u00fcr Freizeitgestaltung, die Gesundheitsf\u00f6rderung und den Fremdenverkehr betreuen wir 295 Kilometer Wanderwege, darunter fast 50 Kilometer des Franken- und des Burgenweges, die als <strong>&#8222;Qualit\u00e4tsweg Wanderbares Deutschland&#8220;<\/strong> ausgezeichnet sind.<\/p>\n<p>Wir laden Sie ein an unseren Veranstaltungen teilzunehmen und eventuell Mitglied zu werden! Unser aktuelles Jahresprogramm, das auch einen Mitgliedsantrag enth\u00e4lt finden Sie <a href=\"https:\/\/www.fwv-kulmbach.de\/wp-content\/uploads\/2024\/12\/Jahresprogramm_2025.pdf\" target=\"_blank\" rel=\"noopener noreferrer\">hier!<\/a><br \/>\nBei weiteren Fragen k\u00f6nnen Sie sich gerne an die Vorstandschaft wenden.<\/p>\n","protected":false},"excerpt":{"rendered":"<p>Die Ortsgruppe Kulmbach des Frankenwaldvereins e.V. ist ein Heimat- und Wanderverein, gegr\u00fcndet 1925, eingebunden \u00fcber den Frankenwaldverein mit Sitz in Naila in den Deutschen und Europ\u00e4ischen Wanderverband. Auf \u00f6rtlicher Ebene sind wir t\u00e4tig in der Arbeitsgemeinschaft Kulmbacher Heimatvereine. Selbstverst\u00e4ndlich sind &hellip; <a href=\"https:\/\/www.fwv-kulmbach.de\/?page_id=21\">Weiterlesen <span class=\"meta-nav\">&rarr;<\/span><\/a><\/p>\n","protected":false},"author":1,"featured_media":0,"parent":0,"menu_order":1,"comment_status":"closed","ping_status":"closed","template":"","meta":{"footnotes":""},"class_list":["post-21","page","type-page","status-publish","hentry"],"_links":{"self":[{"href":"https:\/\/www.fwv-kulmbach.de\/index.php?rest_route=\/wp\/v2\/pages\/21","targetHints":{"allow":["GET"]}}],"collection":[{"href":"https:\/\/www.fwv-kulmbach.de\/index.php?rest_route=\/wp\/v2\/pages"}],"about":[{"href":"https:\/\/www.fwv-kulmbach.de\/index.php?rest_route=\/wp\/v2\/types\/page"}],"author":[{"embeddable":true,"href":"https:\/\/www.fwv-kulmbach.de\/index.php?rest_route=\/wp\/v2\/users\/1"}],"replies":[{"embeddable":true,"href":"https:\/\/www.fwv-kulmbach.de\/index.php?rest_route=%2Fwp%2Fv2%2Fcomments&post=21"}],"version-history":[{"count":22,"href":"https:\/\/www.fwv-kulmbach.de\/index.php?rest_route=\/wp\/v2\/pages\/21\/revisions"}],"predecessor-version":[{"id":1326,"href":"https:\/\/www.fwv-kulmbach.de\/index.php?rest_route=\/wp\/v2\/pages\/21\/revisions\/1326"}],"wp:attachment":[{"href":"https:\/\/www.fwv-kulmbach.de\/index.php?rest_route=%2Fwp%2Fv2%2Fmedia&parent=21"}],"curies":[{"name":"wp","href":"https:\/\/api.w.org\/{rel}","templated":true}]}}

<h1>Die Ortsgruppe Kulmbach des Frankenwaldvereins e.V.</h1>
<p>ist ein Heimat- und Wanderverein, gegründet 1925, eingebunden über den Frankenwaldverein mit Sitz in Naila in den Deutschen und Europäischen Wanderverband. Auf örtlicher Ebene sind wir tätig in der Arbeitsgemeinschaft Kulmbacher Heimatvereine.<br />
Selbstverständlich sind für uns Naturschutz und Kulturarbeit in ihrer ganzen Vielfältigkeit. Dazu dienen unsere Halbtages- und Tageswanderungen die in landschaftlich reizvolle Gegenden führen. Der Besuch des Deutschen Wandertages und internationaler Wandertreffen gehören dazu.<br />
Für Freizeitgestaltung, die Gesundheitsförderung und den Fremdenverkehr betreuen wir 295 Kilometer Wanderwege, darunter fast 50 Kilometer des Franken- und des Burgenweges, die als <strong>&#8222;Qualitätsweg Wanderbares Deutschland&#8220;</strong> ausgezeichnet sind.</p>
<p>Wir laden Sie ein an unseren Veranstaltungen teilzunehmen und eventuell Mitglied zu werden! Unser aktuelles Jahresprogramm, das auch einen Mitgliedsantrag enthält finden Sie <a href="https://www.fwv-kulmbach.de/wp-content/uploads/2024/12/Jahresprogramm_2025.pdf" target="_blank" rel="noopener noreferrer">hier!</a><br />
Bei weiteren Fragen können Sie sich gerne an die Vorstandschaft wenden.</p>

<p>Die Ortsgruppe Kulmbach des Frankenwaldvereins e.V. ist ein Heimat- und Wanderverein, gegründet 1925, eingebunden über den Frankenwaldverein mit Sitz in Naila in den Deutschen und Europäischen Wanderverband. Auf örtlicher Ebene sind wir tätig in der Arbeitsgemeinschaft Kulmbacher Heimatvereine. Selbstverständlich sind &hellip; <a href="https://www.fwv-kulmbach.de/?page_id=21">Weiterlesen <span class="meta-nav">&rarr;</span></a></p>
